+ 7. Let s = -4 + 7. Let d be v(s). Let l(z) = -z**3 + 4*z**2 + z - 5. What is l(d)?
-1
Let v be 6 + 0/((-4)/(-2)). Let w = v - 4. Let g(m) = 2*m**2 - 3*m**2 + 3*m - 2*m. Give g(w).
-2
Let u(w) = -w + 1. Let l(o) = -o**2 + 2*o + 1. Let r be l(-1). Let h = r + 4. Determine u(h).
-1
Let l(f) = f**3 - 6*f**2 + f - 6. Let o be (-4)/22 + 952/154. Determine l(o).
0
Suppose h - 4 = -3*s, s + 7 + 5 = 3*h. Let z(y) be the third derivative of 1/120*y**6 + s*y + 1/3*y**3 + 0 - 1/20*y**5 - 2*y**2 - 5/24*y**4. Give z(4).
-2
Suppose 50 = -4*z + 9*z. Let g(q) = -q**2 + 11*q - 5. What is g(z)?
5
Let l(t) = t**3 - 4*t**2 + 2*t - 5. Let h(y) be the third derivative of y**6/120 + 7*y**5/60 + 2*y**3/3 - y**2. Let p be h(-7). Calculate l(p).
3
Let g(u) = 2*u**2 - 1. Suppose 2*l + 6 = 4*m, -2*l - 3*m + 15 = -0. Suppose l = d + 2. Let f = d - 0. Give g(f).
1
Let g(p) = 2*p**2 - p - 1. Let s be g(2). Let f be (-2)/(13/5 + -3). Let n(j) = 1 - s + f - j. Give n(-3).
4
Let k(r) = r - 1. Let o = 6 + -8. Determine k(o).
-3
Let z(m) = 4*m**3 - 2*m + 1. Let q be z(1). Let i(v) = -q*v + 4 + 4*v - 5*v + 2*v. Give i(5).
-6
Let k be (-1*2)/(9 + -8). Let a(o) = 2*o**2 + o. Determine a(k).
6
Let f = -7 + 2. Let z be 114/27 + (-2)/9. Let y(o) = -o**2 - 2*o + 2*o**2 - o + z + 8*o. Determine y(f).
4
Let k(t) = -t**2 - 3*t + 5. Suppose 3*c + 3 + 9 = 0. Determine k(c).
1
Let h(w) = w + 20. Let l be h(-16). Let t(k) = 7*k**3 - 11*k**2 - 2*k - 9. Let v(f) = f**3 - f**2 - f - 1. Let b(x) = t(x) - 6*v(x). Determine b(l).
-3
Let n(q) = q**2 + 2*q - 12. Let v(d) = -3*d**2 - 7*d + 49. Let r(c) = 9*n(c) + 2*v(c). Let f(m) = m**2 - 1. Let x(i) = 2*f(i) - r(i). Calculate x(-6).
-4
Let q be (-4)/(-10) + 114/(-10). Let n = q - -13. Let r(k) = k**3 - 4*k**2 + 2*k - 2. Calculate r(n).
-6
Let i(k) = -5*k**3 - k - 1. Suppose 4*w - 5 = -4*m + 3, 8 = m + 3*w. What is i(m)?
5
Suppose -3 = -5*a - 5*i + 12, 0 = -5*a - 3*i + 13. Let x(b) = 8*b - 3. Give x(a).
13
Let q(f) = -f - 1. Let o(z) = -2*z**2 - 2*z + 7. Let r(g) = -o(g) - 2*q(g). What is r(-4)?
11
Suppose -u - 30 + 33 = 0. Let o(a) = 2*a**2 + 14*a - 9*a - 3 - u*a**2. Determine o(5).
-3
Let z(c) be the first derivative of -c**4/4 - 2*c**3 - c**2 - 5*c - 11. Give z(-6).
7
Suppose 4*l - 12 = 8*l. Let a(w) = w**2 + 2*w + 2. Give a(l).
5
Let g = 17 - 12. Let x(l) = g*l - 3*l - 1 + 0*l + l**2. Let d(h) = -2*h**2 + 4*h - 3. Let v be d(2). What is x(v)?
2
Let v be (((-40)/25)/4)/((-2)/(-20)). Let g(p) = -3*p. Calculate g(v).
12
Suppose -11 - 5 = -4*x. Let s = x - 1. Suppose -1 - 14 = s*h. Let q(d) = -d**3 - 4*d**2 + 3*d - 5. Determine q(h).
5
Let s(g) = g**3 - 7*g**2 + 6*g - 1. Let c(t) = 3*t - 2. Let y be c(3). Suppose 3*z - y - 11 = 0. What is s(z)?
-1
Let h(v) be the first derivative of -3*v**2 + v + 1. Suppose d - 3*d + 12 = 0. Suppose -3*p - 3 = -d*p. Determine h(p).
-5
Suppose 0*r - 2*d + 20 = -4*r, -22 = 5*r - d. Let p = 2 + r. Let i be ((p - -2) + -1)*-3. Let n(v) = 4*v - 3. What is n(i)?
9
Let d(o) = -o**3 - 5*o**2 + 7*o + 1. Let q be (-2 - -3)/((-2)/(-8)). Suppose z = -q - 2. Calculate d(z).
-5
Suppose -5*n - 8 = -4*n. Suppose 0 = 2*o - 0 + 14. Let x = o - n. Let h(t) = -7*t + 1. What is h(x)?
-6
Let r(l) = l + 3. Suppose a + 10 - 1 = 0. Give r(a).
-6
Let h(p) be the second derivative of 1/2*p**4 + p**2 + 0 + p**3 - 3*p + 1/20*p**5. Give h(-5).
-3
Let t(y) = -y**3 - 4*y**2 - y - 5. Let c(v) = v**3 + v**2 + v + 4. Let r be c(0). Suppose -3*g = -r + 16. Determine t(g).
-1
Let h(s) = -s - 4. Let u(b) = -b - 4. Let a(f) = -3*h(f) + 4*u(f). Determine a(-6).
2
Let g(p) = 2*p + 2*p**2 + 3*p - 3*p**2. Let w(u) = -u**3 - 3*u**2 + 2*u - 4. Let h be w(-4). Suppose x + 15 = h*x. Give g(x).
0
Suppose 8 = 7*w + 50. Let g(l) = 2*l**2 + 17*l - 6. Let d(h) = -h**2 - 8*h + 3. Let c(p) = 5*d(p) + 2*g(p). Calculate c(w).
3
Let v(t) = -t + 3. Let h be v(4). Let g be 5 + (0 + 1)*h. Let w(a) = -a + 1. Determine w(g).
-3
Let s(j) = 0*j**2 - 2*j**2 - 3*j**2 + 5*j + 4*j**2 + 8. Calculate s(7).
-6
Let k(p) = 2*p - 7 + 6*p - 1429*p**2 + 1428*p**2. Determine k(6).
5
Suppose -5*w + r = 20, 6*w = 3*w - 3*r + 6. Let x(g) = g + 5. Let h be x(w). Let q(p) = 2 - p - h + 2. What is q(3)?
-1
Let i(k) be the third derivative of k**5/60 - 7*k**4/24 - k**3/2 - 4*k**2. Calculate i(6).
-9
Let w(f) = 3*f + 2. Suppose 4*n + 2 = 10. Suppose 2*x = -y - n*x - 17, -4*y + 22 = -2*x. Determine w(y).
11
Let w(z) be the second derivative of z**5/4 - z**4/12 - z**3/6 + 6*z. Determine w(-1).
-5
Let u(f) = -8*f - 12. Let c(q) = 23*q + 35. Let a(j) = -6*c(j) - 17*u(j). Give a(-6).
6
Let b(m) be the first derivative of m**2 + m - 1. Let o(r) = r**2 + 16*r + 27. Let a be o(-14). What is b(a)?
-1
Let w(b) be the second derivative of 2*b + 1/20*b**5 - 5/12*b**4 + 0 + 3/2*b**2 + 0*b**3. What is w(5)?
3
Suppose 2*b + 14 = q, -14 = 2*b - 4*q + 6. Let d(a) = -7*a**2 + 15*a - 3 + 22*a - a**3 - 42*a + 6. What is d(b)?
-3
Let y be 2/3 + 2/(-3). Let m(c) be the third derivative of y - c**2 - 1/12*c**4 + 1/20*c**5 - 1/6*c**3 + 0*c. Determine m(-1).
4
Let b(t) = -t**2 + 2*t. Let j be b(2). Suppose 0 = 3*p - w - 9 - j, 5 = -p + 3*w. Let o(f) = -f**3 + 3*f**2 + 7*f - 6. Give o(p).
6
Let p = 14 + 1. Let k(g) = g - 13. Let j be k(p). Let l(v) = 5*v + 4. Let a(i) = -9*i - 7. Let t(x) = -6*a(x) - 11*l(x). Give t(j).
-4
Let o be (-14)/35 - (-4)/10. Let f(l) = l + 2. Determine f(o).
2
Let a(r) = 6*r**3 + 6*r**2 - 8*r + 1. Let p(b) = -5*b**3 - 6*b**2 + 7*b - 1. Let u(z) = -4*a(z) - 5*p(z). What is u(-7)?
-27
Let w(d) = 5*d**2 - 2*d - 1. Suppose -y + 2 = -1. Let b(n) = n**3 - 3*n**2 + n. Let l be b(y). Suppose -l*o + 2 - 5 = 0. Give w(o).
6
Let h(g) = -2*g + 6. Suppose f = 9 + 10. Let p = f + -9. Let r be 10/(-25) - (-54)/p. Determine h(r).
-4
Suppose 4*i + 5 + 36 = -5*r, i + 3*r + 5 = 0. Let f be 4/i - (-2)/7. Let p(o) = -2*o + o - o**2 + 2*o**2 + 6. What is p(f)?
6
Let i(o) = 3*o**3 + 0*o**2 - o**2 - 7*o**3 + 1. Let s = 18 + -9. Let r = -10 + s. Give i(r).
4
Let b(p) = p**2 + 1. Let y be b(-1). Suppose 2 = -2*m, -4*a = -5*m + 3*m - 10. Let z(l) = 4 - 1 - a - 2*l. Calculate z(y).
-3
Let f(x) = -3*x**2 - 2*x + 1. Let n be f(1). Let j(r) = r + 5. Let v be j(n). Let a(p) = 5*p + 1. Determine a(v).
6
Let d(r) = -r**3 - 5*r**2 + 7*r. Suppose 0*m = 5*m - 20, 24 = -2*p + 3*m. Calculate d(p).
-6
Let l(g) be the second derivative of g**8/960 - g**6/720 + g**5/120 + g**4/4 - 4*g. Let y(a) be the third derivative of l(a). Calculate y(1).
7
Suppose 4*b = -4*d + 4, 21 - 5 = 4*b - 2*d. Let g(j) = 0*j**b + j**3 - 2*j**3. Let n(c) = -c**3 + 9*c**2 - 8*c - 2. Let o be n(8). Determine g(o).
8
Let k(b) = -b**3 - b**2 - 2*b - 4. Let s(h) = -h**3 - h**2 - 3*h - 3. Let w(v) = -2*v - 1. Let f be w(1). Let q(u) = f*k(u) + 2*s(u). Determine q(0).
6
Let z(p) be the second derivative of -2*p**3/3 + p + 13. Calculate z(1).
-4
Suppose 5*t - t = -4. Let w(p) be the third derivative of -2*p**5/15 - p**4/12 - p**3/6 - p**2. What is w(t)?
-7
Let y(g) = g - 2. Let z be y(1). Let a(l) = 8*l + 1. What is a(z)?
-7
Let x = -3 - -7. Let r(a) be the second derivative of a**4/12 - a**3/2 - a**2 + 26*a. What is r(x)?
2
Let d(v) = -v**3 - 2*v**2 + 2*v + 2. Let z be d(-3). Let u(o) = 5*o**2 - 3*o. Let j(q) = -q**2 - q + 1. Let t(s) = -4*j(s) - u(s). Determine t(z).
6
Let x(y) = y**3 - 15 - 11 + y + 17. Determine x(0).
-9
Let a(f) be the second derivative of f**3/3 + 2*f**2 + 28*f. Calculate a(-5).
-6
Let v(u) = -u**3 - 8*u**2 - 13*u - 2. Let c be v(-6). Let d(r) = r - 2. What is d(c)?
2
Let b(h) = h**3 + 8*h**2 + 6*h - 12. Let v be b(-7). Let f(q) = 5*q**2 - q**2 - 2*q - 2*q + 0*q**3 + q**3. What is f(v)?
-5
Let l(p) = -p**3 - p**2 - p - 6. Suppose 4*a = g - 1 + 10, 9 = a + 2*g. Let h(z) = 1 + 2 - 4*z + 3*z. Let o be h(a). Determine l(o).
-6
Let q(p) = p**2 + 2*p - 3. Let u be -9*(-4)/(-4)*-1. Suppose u*k - 11*k = 8. Give q(k).
5
Suppose 0 = -w + 2*f - 5, -f = -2*w - 4*f + 25. Let o(s) be the first derivative of -1/2*s**2 - 1 + 9*s. Determine o(w).
4
Let i(j) = -j**2 - 5*j. Suppose -2*q - 8 = -0. Give i(q).
4
Suppose -5*r + 23 - 13 = 0. Let h(p) be the third derivative of 3*p**r + 0 + 1/30*p**5 + 0*p - 1/8*p**4 + 1/6*p**3. Determine h(2).
3
Let x(c) = 2*c + 3. Suppose -3*w - 19 = -2*i, 9 = -5*i - 11. Give x(w).
-15
Suppose -3*b = -0*b - 72. Suppose -10*o = -6*o +